
Is 79279326079 a prime number?
False
Is 263268773 a prime number?
True
Is 73031051059 prime?
True
Is 11110482829 prime?
True
Is 2347181 a prime number?
False
Is 1859927767 prime?
False
Is 1374207367 prime?
False
Is 42389153 composite?
False
Is 7150994407 a prime number?
False
Is 7698508943 prime?
False
Is 9929589691 composite?
True
Is 501625927 a composite number?
True
Is 6054545319 a composite number?
True
Is 9405354661 composite?
True
Is 65557268761 a composite number?
False
Is 165026027 prime?
False
Is 418725949 prime?
True
Is 71951941 composite?
True
Is 869822659 a prime number?
True
Is 580008127 composite?
False
Is 6132852787 prime?
True
Is 1851855163 composite?
True
Is 38825264543 prime?
False
Is 1982275487 a prime number?
True
Is 29530999297 a prime number?
False
Is 354216611 composite?
True
Is 18224531257 composite?
False
Is 43411495 composite?
True
Is 58098912269 a composite number?
True
Is 51272869 prime?
True
Is 11702267831 composite?
True
Is 395550149 a composite number?
True
Is 1540851973 prime?
False
Is 30660248791 composite?
False
Is 194116453 composite?
False
Is 568716679 composite?
False
Is 7426531979 a composite number?
False
Is 5086374707 prime?
False
Is 5078031227 prime?
False
Is 7065102791 a composite number?
True
Is 20630679581 composite?
True
Is 260411141 a prime number?
True
Is 1295545891 a prime number?
True
Is 4027469353 prime?
True
Is 621645877 composite?
False
Is 776762027 a prime number?
False
Is 2493090646 prime?
False
Is 2502396397 a composite number?
True
Is 5885038447 composite?
False
Is 2664874657 a prime number?
True
Is 3206757569 composite?
False
Is 1387250911 a prime number?
False
Is 205341353 a composite number?
True
Is 8736576757 a composite number?
False
Is 5410956803 a composite number?
True
Is 16871431721 composite?
False
Is 1464097289 a prime number?
False
Is 113500549 a composite number?
True
Is 750516301 a prime number?
True
Is 21964457 a prime number?
False
Is 8340200653 prime?
False
Is 28405413109 a prime number?
False
Is 22922210561 prime?
True
Is 111870103 composite?
True
Is 12301715743 a composite number?
True
Is 2130539413 a prime number?
True
Is 1036272847 a composite number?
True
Is 60729433 a prime number?
False
Is 3426707237 prime?
True
Is 1291927061 prime?
False
Is 21579408211 a composite number?
False
Is 82809887 prime?
False
Is 3602338381 a prime number?
False
Is 11337930307 prime?
False
Is 1685761951 a composite number?
True
Is 710228819 a composite number?
False
Is 111957446 prime?
False
Is 3566051429 prime?
True
Is 18474095357 a prime number?
True
Is 16490497169 a prime number?
True
Is 2706769267 a composite number?
False
Is 2837048909 a prime number?
True
Is 776874379 a composite number?
False
Is 1741337069 a prime number?
True
Is 4799208829 composite?
False
Is 1192915753 composite?
True
Is 564667643 a composite number?
False
Is 130102045769 composite?
True
Is 8270945819 a composite number?
False
Is 3243521317 a composite number?
True
Is 280590773 prime?
True
Is 3957282743 a composite number?
False
Is 5056761967 prime?
True
Is 32438904235 a composite number?
True
Is 25919635003 composite?
True
Is 483967213 composite?
False
Is 3664510817 composite?
True
Is 27085854953 prime?
True
Is 1017768019 a prime number?
False
Is 144265937857 prime?
True
Is 13631214743 a composite number?
True
Is 19766971187 composite?
True
Is 591174439 a prime number?
False
Is 13332577691 prime?
True
Is 4008850301 prime?
True
Is 763475711 prime?
True
Is 157594813 composite?
False
Is 2180998873 composite?
False
Is 1752924557 a composite number?
False
Is 372245921 prime?
True
Is 57221330989 a prime number?
True
Is 10018095793 a composite number?
True
Is 726702047 composite?
True
Is 69083542417 a prime number?
False
Is 841741261 prime?
True
Is 3670109305 prime?
False
Is 811622621 composite?
False
Is 7090569671 prime?
False
Is 143430353471 a prime number?
False
Is 20715718598 a composite number?
True
Is 771449807 composite?
False
Is 165687397 composite?
True
Is 1962565579 a prime number?
False
Is 1020962381 a composite number?
False
Is 8525482223 a prime number?
True
Is 133420619 prime?
False
Is 33146801 a composite number?
False
Is 19420318583 composite?
False
Is 73667879 prime?
False
Is 310885297 composite?
False
Is 426508997 a prime number?
False
Is 17995184231 a prime number?
True
Is 4437148246 prime?
False
Is 554979947 prime?
False
Is 61744801 prime?
True
Is 1015636033 a composite number?
False
Is 56861371 composite?
True
Is 463276777 a composite number?
True
Is 1072704041 a composite number?
False
Is 739632287 prime?
True
Is 155190143 prime?
False
Is 18639691711 a prime number?
True
Is 3252339507 prime?
False
Is 8394306161 a composite number?
False
Is 124493931917 composite?
True
Is 18676745183 composite?
False
Is 69141225989 composite?
True
Is 62411988097 a composite number?
False
Is 51351305303 a composite number?
False
Is 391919621 a prime number?
False
Is 6697234631 composite?
False
Is 3664166081 a prime number?
True
Is 237916939003 prime?
False
Is 245971631 a prime number?
True
Is 5638273517 a prime number?
True
Is 31770635761 composite?
False
Is 133869689 prime?
True
Is 47667088739 composite?
False
Is 10776890471 a prime number?
False
Is 21394106611 a prime number?
False
Is 3448120573 a prime number?
True
Is 4259643527 composite?
False
Is 68190641741 a composite number?
True
Is 11380372007 a prime number?
True
Is 28954547 prime?
True
Is 403159789 composite?
False
Is 4708605043 composite?
False
Is 1338299 prime?
True
Is 154904579 a composite number?
True
Is 8695596397 prime?
False
Is 28459251929 composite?
True
Is 3738521851 a prime number?
True
Is 346148066023 a composite number?
True
Is 107956799 prime?
True
Is 485150719 a composite number?
True
Is 15186319471 a composite number?
True
Is 21199399643 prime?
True
Is 833751779 a composite number?
True
Is 3629228326 composite?
True
Is 20576175047 a prime number?
False
Is 16310922659 a composite number?
False
Is 190406873 composite?
True
Is 279174761 composite?
False
Is 4855302481 composite?
True
Is 657200729 a prime number?
False
Is 818957701 a composite number?
True
Is 2309064671 a prime number?
False
Is 6730340611 prime?
True
Is 6612718633 prime?
False
Is 50445367255 composite?
True
Is 910582021 prime?
True
Is 20786076983 composite?
True
Is 1417977113 prime?
False
Is 238750487 a composite number?
False
Is 614582897 a composite number?
False
Is 47088363991 prime?
True
Is 824840327 a prime number?
True
Is 620234906 a prime number?
False
Is 28527380291 a prime number?
False
Is 348137911117 a prime number?
True
Is 747411913 prime?
True
Is 496975537 composite?
False
Is 387660799 a composite number?
False
Is 2218890461 composite?
False
Is 104146172437 a composite number?
False
Is 11070588019 composite?
True
Is 2646576187 composite?
False
Is 255612355 a prime number?
False
Is 254078161 a composite number?
False
Is 99668936113 prime?
False
Is 100752647 composite?
False
Is 40582928779 composite?
True
Is 575541242 a prime number?
False
Is 6517153613 a prime number?
False
Is 6388956917 prime?
False
Is 749427839 prime?
True
Is 4676969855 a composite number?
True
Is 62068584511 prime?
True
Is 41508135667 a prime number?
False
Is 10590789667 composite?
True
Is 58250316011 a prime number?
True
Is 640356137 composite?
True
Is 3265579937 composite?
False
Is 24213067621 composite?
True
Is 79785992215 composite?
True
Is 1267727414 prime?
False
Is 22092434863 composite?
False
Is 83770741 a composite number?
True
Is 35133043 composite?
True
Is 35242826293 composite?
True
Is 148579150243 a prime number?
False
Is 657444817 composite?
False
Is 788077547 a composite number?
False
Is 5246206639 a composite number?
False
Is 4521057889 a prime number?
False
Is 12338969 prime?
False
Is 48004931129 prime?
True
Is 29889117761 prime?
True
Is 834578431 composite?
False
Is 250995737 a prime number?
True
Is 554343131 composite?
True
Is 24144031 prime?
False
Is 143754659747 a prime number?
False
Is 1743292381 a prime number?
False
Is 15360824447 a prime number?
True
Is 73112486543 a prime number?
False
Is 38597909291 a composite number?
False
Is 42298678481 a composite number?
True
Is 7709519 prime?
True
Is 4442008931 composite?
True
Is 3884363149 prime?
False
Is 3892491947 prime?
Tr